 common divisor of u and d?
1
Suppose -p + 51 = 27. Calculate the greatest common factor of p and 312.
24
Suppose -18*h + 355 = -14*h + d, 3*d + 15 = 0. Calculate the highest common divisor of h and 126.
18
Let y be (3/((-9)/10))/(22/(-33)). Let l = y - -4. Calculate the highest common factor of 9 and l.
9
Let c = 197 + -62. Let s = -102 + c. What is the highest common divisor of s and 3?
3
Let k = 759 + -673. What is the highest common divisor of k and 387?
43
Suppose d + 9 = -2*n - n, -5*d + 4*n = -12. Suppose -k + 105 - 28 = d. What is the highest common factor of 22 and k?
11
Let l be 309/15 + (-12)/20 + 6. Calculate the highest common factor of 169 and l.
13
Suppose 0 = 2*c + g - 5, -3*g + g = -2*c + 14. Let w be (4/(-2) - 5) + c. Let b be (4/(-10))/(w/105). Calculate the highest common divisor of b and 35.
7
Let r = -53 - -58. Suppose -10 = 2*c, -3*c + 5 = -n + r*n. Calculate the highest common factor of n and 20.
5
Suppose j - 54 = 3*u + 103, -5*j = -4*u - 752. What is the greatest common divisor of j and 962?
74
Suppose 44*r - 64*r + 660 = 0. What is the highest common divisor of 33 and r?
33
Suppose -x + 80 = 3*f, -7 = -4*f + 9. Let p be (-1 - -3)*2*238/x. What is the greatest common divisor of 7 and p?
7
Suppose -2*i - 206 = 6*k - 7*k, 4*i - 8 = 0. Calculate the greatest common divisor of k and 126.
42
Let n(m) = -4*m**2 + m + 26. Let r be n(0). What is the greatest common divisor of r and 2288?
26
Suppose 0 = -5*v - 0*v + 50. Let g(o) = o**3 + 31*o**2 + 28*o - 55. Let j be g(-30). Suppose -3*l = -4*l + j. What is the greatest common divisor of v and l?
5
Suppose -10 = a + 3*j, -j = -4*a + 4 + 8. What is the greatest common divisor of 98 and a?
2
Suppose 5*n = y + 29, y = -n - 4*y + 11. Suppose 11*v = n*v + 60. What is the greatest common divisor of v and 3?
3
Let b = -1584 - -1623. Calculate the greatest common factor of b and 637.
13
Let g be 382/3 + -3 + 55/15. Let n = g + -93. What is the greatest common factor of 140 and n?
35
Let z be (-15)/((-135)/(-888))*6/(-4). Suppose p - z = -2*b, 0 = -3*b - 7*p + 5*p + 224. Calculate the greatest common divisor of b and 24.
24
Let r(u) = 4*u + 50. Let z be r(-6). Calculate the greatest common divisor of 221 and z.
13
Let z = -109 - -120. What is the greatest common factor of z and 759?
11
Let h = -26 + 14. Let v = h - -58. What is the highest common divisor of 23 and v?
23
Suppose 0 = 3*m - 3*v + 4*v - 470, -v - 305 = -2*m. What is the greatest common factor of 62 and m?
31
Let z(w) = -11*w + 51 + 20*w + 0*w**2 + 11*w - w**2. Let l be z(22). What is the highest common factor of l and 7?
7
Suppose 5*u - 55 = 2*z - 5*z, 0 = -5*z. Let r = u + 1. What is the greatest common factor of 96 and r?
12
Let f(o) = 3*o - 27. Let x be f(18). Let y = -6 + x. Suppose -4*i - y = v - 200, 0 = 4*i + 4*v - 188. What is the highest common factor of 4 and i?
4
Let g(h) = h**3 - 5*h**2 + 4*h + 6. Let o be g(4). Suppose 11*w = 14*w - 72. What is the greatest common factor of w and o?
6
Let o(h) = 4*h**2 + 24*h + 100. Let l be o(-4). Calculate the greatest common divisor of 884 and l.
68
Let a be 32/(-3)*(6 + -3). Let j = -18 - a. Suppose -54 = -4*y + 2. Calculate the greatest common divisor of j and y.
14
Let w(y) = y**2 - 8*y - 4. Let x be w(10). Let f = -9 + x. Let h be 1*(f + 0/(-1)). Calculate the highest common divisor of h and 1.
1
Let z(u) = -u**3 + 27*u**2 + 7*u - 124. Let x be z(27). What is the highest common factor of x and 26?
13
Let z(t) = 20*t**3 + 2*t**2 - 2*t + 4. Let o be (-16)/(-6)*(-27)/(-36). Let s be z(o). Calculate the highest common factor of 12 and s.
12
Let t be (-9)/(-12) + -1 + (-98440)/(-160). Calculate the highest common divisor of 30 and t.
15
Suppose 4*m - 2*m + 162 = 4*d, 0 = -m - 1. Calculate the highest common divisor of 25 and d.
5
Let v(d) = -3. Let w(x) = x**2 - x + 3. Let q(c) = 3*v(c) + 4*w(c). Let f be q(-5). Suppose -69 = -2*g + f. What is the greatest common factor of g and 12?
12
Let z(t) = 11 - 8*t**2 + 0*t**2 + t**3 - 21 + 6*t. Let o be z(8). Let k = o - 0. What is the highest common factor of k and 57?
19
Let n(u) be the first derivative of -u**3/3 + 6*u**2 - 5*u - 6. Let z be n(11). What is the greatest common factor of 24 and z?
6
Suppose 4*t + 23*b - 19*b - 224 = 0, 4*t = 5*b + 188. Calculate the highest common divisor of 754 and t.
26
Let l be 137/(47/94*(-2)/(-3)). What is the highest common factor of l and 1781?
137
Let b(u) = 8*u**2 - 8 + 4*u + 7*u - u**3 + 2*u. Let c be b(9). What is the greatest common factor of 56 and c?
28
Suppose 3*x = 2*x. Let c be 395 + -3 + x/4. What is the greatest common factor of 49 and c?
49
Let b be 18/(-7)*(-7)/1. Let h be 29 - ((-10)/25 - 12/(-5)). What is the highest common factor of b and h?
9
Let w = -27 - -37. Let j = -16 + 18. What is the highest common divisor of w and j?
2
Let n(k) = -6*k - 99. Let f be n(-17). Let d be 2 + 1 + 1 - -11. Calculate the greatest common divisor of d and f.
3
Suppose -4*r + 52 = y, -y + 79 = y + 3*r. Let f = 3 - -1. Suppose -3*g + f = -y. What is the greatest common factor of g and 6?
6
Let p(b) = -b**2 + 8*b + 7. Let a be (-36)/(-8)*4/3. Let f be p(a). What is the highest common factor of 57 and f?
19
Suppose 0 = 43*n - 54*n + 297. Calculate the greatest common factor of 12 and n.
3
Suppose -r + 10 = 2*q - 0*r, 4*q = 3*r + 40. Let b = q - 0. Let l = -13 + 41. Calculate the highest common divisor of l and b.
7
Suppose 4*a - 5*j = 2109, -a - 263 + 809 = 5*j. Calculate the highest common divisor of a and 295.
59
Let n be ((-4)/5)/((-11)/(-550)). Let o = n + 54. Let c = -25 + 53. Calculate the greatest common factor of c and o.
14
Let m = -1210 - -1270. Suppose -6*s = -s - 450. Calculate the highest common factor of s and m.
30
Let i be 6/(-8) - 1122/(-88). Let w(f) = 2*f**3 + 3*f**2 - 5*f. Let k be w(4). What is the highest common factor of k and i?
12
Let c = 1896 - 1346. What is the greatest common factor of 22 and c?
22
Suppose 3*a + 218 = 2*v, 3*a - v + 140 = -80. Let c = 8 + a. Let f be c/(-30) - (-1)/(-5). What is the highest common divisor of 22 and f?
2
Suppose x = -3*z + 6300, -x + 4*x = 0. Suppose -7*a = 5*a - z. What is the highest common divisor of 70 and a?
35
Suppose -34 - 128 = -6*x. What is the greatest common factor of 9 and x?
9
Let s be 3/1*(-12 + -57). Let r be (s/27)/((-2)/6). What is the greatest common factor of r and 92?
23
Let w(q) = q**2 - 7*q + 9. Let f be w(6). Suppose -2*n + f*o = -103, -4*n + 249 = n + o. Let d = n - 1. What is the highest common divisor of 7 and d?
7
Suppose -4*h + 5*h = 69. Let c = -19 + h. Calculate the highest common factor of 75 and c.
25
Suppose -3*d - 5*g + 1295 = 0, 8*d + 2*g = 6*d + 866. Calculate the greatest common divisor of d and 105.
15
Let i = -12 - -15. Suppose -t = -3*g + 56, 4*g = i*g + 3*t + 24. What is the highest common divisor of g and 162?
18
Let p be 1*0/(1/(-1)) - -55. Let d = 67 - p. Let k be (-332)/(-14) + 4/14. What is the highest common factor of d and k?
12
Suppose 5*j = s + 119, 3*j - 12*s - 57 = -15*s. Calculate the greatest common divisor of 1472 and j.
23
Let f(n) = n + 39. Let b be f(-19). Let m(y) = -10*y - 28. Let u be m(-4). What is the highest common divisor of b and u?
4
Let h(y) = 26*y - 51. Let n be h(16). What is the highest common factor of n and 73?
73
Suppose 18*s - 9277 = -1537. Calculate the greatest common factor of s and 10.
10
Let b be ((-75)/(-4))/((-231)/(-2464)). Calculate the highest common factor of 175 and b.
25
Let c(u) = 176*u - 1396. Let i be c(8). Let h(f) = 2*f - 2. Let s be h(3). What is the highest common divisor of i and s?
4
Suppose -3*u = u. Suppose -o + 1 = 4*w, u = -o - 3*w + 3. Calculate the highest common divisor of 54 and o.
9
Let p be (-4)/(-10) + 12/20. Let n = 6 - p. Suppose 4*k = -18 + 158. Calculate the highest common divisor of k and n.
5
Let w = 115 - 113. What is the highest common factor of w and 14?
2
Suppose 53 = -4*y + 1. Let q = y - -49. Calculate the greatest common divisor of q and 48.
12
Let u be 1 + (-4)/(4/3). Let j be (22/(1/1))/u. Let q = j - -59. What is the greatest common factor of q and 6?
6
Let a(r) = -4*r + 16. Let f be a(-11). Calculate the greatest common factor of 48 and f.
12
Suppose 37 = 3*z - 2*m, -4*z + m + 41 = -10. Let n = z + -12. Let t 